 139 is divided by 40.
19
What is the remainder when 944 is divided by 19?
13
What is the remainder when 805 is divided by 48?
37
What is the remainder when 1631 is divided by 109?
105
What is the remainder when 597 is divided by 30?
27
What is the remainder when 22 is divided by 16?
6
What is the remainder when 744 is divided by 240?
24
Calculate the remainder when 38 is divided by 3.
2
Calculate the remainder when 1476 is divided by 489.
9
Calculate the remainder when 70 is divided by 39.
31
Calculate the remainder when 406 is divided by 59.
52
What is the remainder when 436 is divided by 20?
16
Calculate the remainder when 72 is divided by 54.
18
Calculate the remainder when 137 is divided by 30.
17
What is the remainder when 191 is divided by 160?
31
Calculate the remainder when 128 is divided by 32.
0
Calculate the remainder when 218 is divided by 73.
72
What is the remainder when 477 is divided by 24?
21
What is the remainder when 3139 is divided by 64?
3
What is the remainder when 12828 is divided by 10?
8
What is the remainder when 126 is divided by 22?
16
What is the remainder when 207 is divided by 145?
62
What is the remainder when 270 is divided by 9?
0
What is the remainder when 112 is divided by 33?
13
What is the remainder when 714 is divided by 65?
64
What is the remainder when 817 is divided by 103?
96
Calculate the remainder when 318 is divided by 5.
3
What is the remainder when 506 is divided by 257?
249
Calculate the remainder when 99 is divided by 51.
48
What is the remainder when 650 is divided by 38?
4
What is the remainder when 2868 is divided by 221?
216
What is the remainder when 5 is divided by 2?
1
What is the remainder when 15353 is divided by 22?
19
Calculate the remainder when 207 is divided by 5.
2
Calculate the remainder when 501 is divided by 24.
21
What is the remainder when 363 is divided by 61?
58
Calculate the remainder when 892 is divided by 286.
34
What is the remainder when 191 is divided by 48?
47
Calculate the remainder when 163 is divided by 12.
7
Calculate the remainder when 79 is divided by 14.
9
Calculate the remainder when 912 is divided by 61.
58
What is the remainder when 6817 is divided by 18?
13
Calculate the remainder when 2553 is divided by 4.
1
What is the remainder when 10520 is divided by 7?
6
What is the remainder when 472 is divided by 16?
8
Calculate the remainder when 103 is divided by 53.
50
Calculate the remainder when 634 is divided by 125.
9
Calculate the remainder when 143 is divided by 43.
14
What is the remainder when 279 is divided by 20?
19
What is the remainder when 375 is divided by 44?
23
What is the remainder when 71 is divided by 6?
5
Calculate the remainder when 1319 is divided by 261.
14
What is the remainder when 161 is divided by 9?
8
What is the remainder when 121 is divided by 51?
19
Calculate the remainder when 2068 is divided by 66.
22
What is the remainder when 4821 is divided by 12?
9
Calculate the remainder when 34 is divided by 19.
15
Calculate the remainder when 402 is divided by 28.
10
What is the remainder when 4254 is divided by 99?
96
Calculate the remainder when 374 is divided by 80.
54
What is the remainder when 304 is divided by 150?
4
Calculate the remainder when 3561 is divided by 25.
11
What is the remainder when 2225 is divided by 62?
55
What is the remainder when 579 is divided by 112?
19
Calculate the remainder when 1699 is divided by 10.
9
What is the remainder when 724 is divided by 66?
64
Calculate the remainder when 82 is divided by 28.
26
What is the remainder when 153 is divided by 20?
13
Calculate the remainder when 145 is divided by 141.
4
What is the remainder when 3918 is divided by 28?
26
What is the remainder when 108 is divided by 33?
9
What is the remainder when 2959 is divided by 114?
109
Calculate the remainder when 1085 is divided by 184.
165
What is the remainder when 167 is divided by 62?
43
What is the remainder when 580 is divided by 191?
7
Calculate the remainder when 699 is divided by 96.
27
Calculate the remainder when 124 is divided by 47.
30
Calculate the remainder when 1344 is divided by 444.
12
What is the remainder when 2679 is divided by 67?
66
What is the remainder when 202 is divided by 33?
4
What is the remainder when 840 is divided by 433?
407
What is the remainder when 891 is divided by 398?
95
What is the remainder when 2034 is divided by 70?
4
Calculate the remainder when 27559 is divided by 265.
264
Calculate the remainder when 131 is divided by 44.
43
Calculate the remainder when 5734 is divided by 443.
418
Calculate the remainder when 442 is divided by 148.
146
Calculate the remainder when 125 is divided by 21.
20
What is the remainder when 91 is divided by 31?
29
What is the remainder when 2204 is divided by 49?
48
What is the remainder when 4007 is divided by 19?
17
What is the remainder when 1762 is divided by 635?
492
Calculate the remainder when 270 is divided by 66.
6
Calculate the remainder when 221 is divided by 118.
103
What is the remainder when 385 is divided by 135?
115
Calculate the remainder when 738 is divided by 124.
118
Calculate the remainder when 9897 is divided by 110.
107
What is the remainder when 349 is divided by 11?
8
What is the remainder when 225 is divided by 76?
73
What is the remainder when 577 is divided by 130?
57
What is the remainder when 262 is divided by 22?
20
What is the remainder when 2659 is divided by 881?
16
Calculate the remainder when 448 is divided by 25.
23
What is the remainder when 830 is divided by 7?
4
What is the remainder when 75 is divided by 20?
15
What is the remainder when 380 is divided by 27?
2
Calculate the remainder when 738 is divided by 62.
56
Calculate the remainder when 185 is divided by 27.
23
What is the remainder when 234 is divided by 40?
34
What is the remainder when 156 is divided by 80?
76
What is the remainder when 120 is divided by 47?
26
Calculate the remainder when 19 is divided by 6.
1
Calculate the remainder when 1469 is divided by 208.
13
Calculate the remainder when 33882 is divided by 15.
12
Calculate the remainder when 35613 is divided by 12.
9
Calculate the remainder when 15781 is divided by 205.
201
What is the remainder when 228 is divided by 179?
49
Calculate the remainder when 10036 is divided by 528.
4
Calculate the remainder when 4378 is divided by 13.
10
What is the remainder when 370 is divided by 12?
10
What is the remainder when 1645 is divided by 61?
59
Calculate the remainder when 1705 is divided by 122.
119
What is the remainder when 1377 is divided by 26?
25
What is the remainder when 2197 is divided by 138?
127
Calculate the remainder when 2443 is divided by 799.
46
Calculate the remainder when 199 is divided by 10.
9
What is the remainder when 457 is divided by 12?
1
What is the remainder when 3003 is divided by 16?
11
What is the remainder when 8020 is divided by 107?
102
What is the remainder when 559 is divided by 10?
9
What is the remainder when 4365 is divided by 37?
36
What is the remainder when 4494 is divided by 36?
30
Calculate the remainder when 289 is divided by 75.
64
What is the remainder when 1185 is divided by 19?
7
What is the remainder when 56 is divided by 3?
2
Calculate the remainder when 5966 is divided by 24.
14
Calculate the remainder when 842 is divided by 14.
2
What is the remainder when 168 is divided by 39?
12
Calculate the remainder when 19 is divided by 7.
5
Calculate the remainder when 1023 is divided by 99.
33
Calculate the remainder when 12357 is divided by 120.
117
What is the remainder when 333 is divided by 47?
4
What is the remainder when 4834 is divided by 41?
37
What is the remainder when 5660 is divided by 81?
71
What is the remainder when 865 is divided by 17?
15
Calculate the remainder when 1057 is divided by 105.
7
Calculate the remainder when 574 is divided by 492.
82
What is the remainder when 7696 is divided by 21?
10
What is the remainder when 2040 is divided by 504?
24
Calculate the remainder when 489 is divided by 79.
15
What is the remainder when 681 is divided by 38?
35
What is the remainder when 118 is divided by 47?
24
Calculate the remainder when 206 is divided by 188.
18
What is the remainder when 1133 is divided by 81?
80
Calculate the remainder when 